{"id":68,"date":"2024-10-11T18:27:47","date_gmt":"2024-10-11T18:27:47","guid":{"rendered":"https:\/\/controlsit.mx\/?page_id=68"},"modified":"2024-10-11T18:27:47","modified_gmt":"2024-10-11T18:27:47","slug":"transparencia","status":"publish","type":"page","link":"https:\/\/controlsit.mx\/?page_id=68","title":{"rendered":"Transparencia"},"content":{"rendered":"\n<div style=\"height:100px\" aria-hidden=\"true\" class=\"wp-block-spacer\"><\/div>\n\n\n\n<div class=\"wp-block-columns is-layout-flex wp-container-core-columns-is-layout-1 wp-block-columns-is-layout-flex\">\n<div class=\"wp-block-column is-layout-flow wp-block-column-is-layout-flow\">\n<figure class=\"wp-block-image size-large\"><img loading=\"lazy\" decoding=\"async\" width=\"1024\" height=\"467\" src=\"https:\/\/controlsit.mx\/wp-content\/uploads\/2024\/10\/Captura-de-pantalla-2024-10-11-122522-1024x467.png\" alt=\"\" class=\"wp-image-69\" srcset=\"https:\/\/controlsit.mx\/wp-content\/uploads\/2024\/10\/Captura-de-pantalla-2024-10-11-122522-1024x467.png 1024w, https:\/\/controlsit.mx\/wp-content\/uploads\/2024\/10\/Captura-de-pantalla-2024-10-11-122522-300x137.png 300w, https:\/\/controlsit.mx\/wp-content\/uploads\/2024\/10\/Captura-de-pantalla-2024-10-11-122522-768x351.png 768w, https:\/\/controlsit.mx\/wp-content\/uploads\/2024\/10\/Captura-de-pantalla-2024-10-11-122522-1536x701.png 1536w, https:\/\/controlsit.mx\/wp-content\/uploads\/2024\/10\/Captura-de-pantalla-2024-10-11-122522.png 1595w\" sizes=\"(max-width: 767px) 89vw, (max-width: 1000px) 54vw, (max-width: 1071px) 543px, 580px\" \/><\/figure>\n\n\n\n<h2 class=\"wp-block-heading has-black-color has-text-color\" style=\"font-size:45px\">SIPOT<\/h2>\n\n\n\n<p class=\"has-black-color has-text-color\" style=\"line-height:1.8\">Carga de archivos a Plataforma Nacional de Transparencia.<\/p>\n\n\n\n<p style=\"line-height:3\"><a href=\"https:\/\/www.plataformadetransparencia.org.mx\/Inicio\">Ir a SIPOT \u2192<\/a><\/p>\n<\/div>\n\n\n\n<div class=\"wp-block-column is-layout-flow wp-block-column-is-layout-flow\">\n<div style=\"height:254px\" aria-hidden=\"true\" class=\"wp-block-spacer\"><\/div>\n\n\n\n<figure class=\"wp-block-image size-large\"><img loading=\"lazy\" decoding=\"async\" width=\"1024\" height=\"589\" src=\"https:\/\/controlsit.mx\/wp-content\/uploads\/2024\/10\/Captura-de-pantalla-2024-10-11-122725-1024x589.png\" alt=\"\" class=\"wp-image-70\" srcset=\"https:\/\/controlsit.mx\/wp-content\/uploads\/2024\/10\/Captura-de-pantalla-2024-10-11-122725-1024x589.png 1024w, https:\/\/controlsit.mx\/wp-content\/uploads\/2024\/10\/Captura-de-pantalla-2024-10-11-122725-300x173.png 300w, https:\/\/controlsit.mx\/wp-content\/uploads\/2024\/10\/Captura-de-pantalla-2024-10-11-122725-768x442.png 768w, https:\/\/controlsit.mx\/wp-content\/uploads\/2024\/10\/Captura-de-pantalla-2024-10-11-122725.png 1244w\" sizes=\"(max-width: 767px) 89vw, (max-width: 1000px) 54vw, (max-width: 1071px) 543px, 580px\" \/><\/figure>\n\n\n\n<h2 class=\"wp-block-heading has-black-color has-text-color\" style=\"font-size:45px\">Transparencia Telet\u00f3n<\/h2>\n\n\n\n<p class=\"has-black-color has-text-color\" style=\"line-height:1.8\">Carga de archivos a portal de Telet\u00f3n de Transparencia.<\/p>\n\n\n\n<p style=\"line-height:3.0\"><a href=\"https:\/\/www.teleton-transparencia.org.mx\/imagenio\/imagenioLogin.php\">Ir a Transparencia Telet\u00f3n \u2192<\/a><\/p>\n<\/div>\n<\/div>\n","protected":false},"excerpt":{"rendered":"<p>SIPOT Carga de archivos a Plataforma Nacional de Transparencia. Ir a SIPOT \u2192 Transparencia Telet\u00f3n Carga de archivos a portal de Telet\u00f3n de Transparencia. Ir a Transparencia Telet\u00f3n \u2192<\/p>\n","protected":false},"author":1,"featured_media":0,"parent":0,"menu_order":0,"comment_status":"closed","ping_status":"closed","template":"","meta":{"footnotes":""},"class_list":["post-68","page","type-page","status-publish","hentry"],"_links":{"self":[{"href":"https:\/\/controlsit.mx\/index.php?rest_route=\/wp\/v2\/pages\/68"}],"collection":[{"href":"https:\/\/controlsit.mx\/index.php?rest_route=\/wp\/v2\/pages"}],"about":[{"href":"https:\/\/controlsit.mx\/index.php?rest_route=\/wp\/v2\/types\/page"}],"author":[{"embeddable":true,"href":"https:\/\/controlsit.mx\/index.php?rest_route=\/wp\/v2\/users\/1"}],"replies":[{"embeddable":true,"href":"https:\/\/controlsit.mx\/index.php?rest_route=%2Fwp%2Fv2%2Fcomments&post=68"}],"version-history":[{"count":1,"href":"https:\/\/controlsit.mx\/index.php?rest_route=\/wp\/v2\/pages\/68\/revisions"}],"predecessor-version":[{"id":71,"href":"https:\/\/controlsit.mx\/index.php?rest_route=\/wp\/v2\/pages\/68\/revisions\/71"}],"wp:attachment":[{"href":"https:\/\/controlsit.mx\/index.php?rest_route=%2Fwp%2Fv2%2Fmedia&parent=68"}],"curies":[{"name":"wp","href":"https:\/\/api.w.org\/{rel}","templated":true}]}}